{"id":83,"date":"2021-04-30T15:53:05","date_gmt":"2021-04-30T15:53:05","guid":{"rendered":"https:\/\/klimatoolbox.dolab.at\/?page_id=83"},"modified":"2021-08-10T12:08:08","modified_gmt":"2021-08-10T12:08:08","slug":"the-bomb","status":"publish","type":"page","link":"https:\/\/klimatoolbox.dolab.at\/?page_id=83","title":{"rendered":"THE BIO GEO DOME"},"content":{"rendered":"\n<p>Der BIO GEO DOME ist ein von unserm Design B\u00fcro entwickeltes Konzept f\u00fcr ein Gew\u00e4chshaus, welches wir f\u00fcr unsere Zwecke der Suche nach einem Austellungort f\u00fcr die KLIMA TOOLBOX Presentation in unserem B\u00fcro aufgebaut haben. Somit haben wir eine r\u00e4umliche Trennung von Design B\u00fcro und Makerspace under derKLIMA TOOLBOX Ausstellung geschaffen. Die Exponate sind durch diese offenen Struktur klar erkennbar, aber doch nicht von unserem Alltag ausgegrenzt. Das Konzept ist das der BIO GEO DOME von Laien oder Kindern selbst aufgebaut werden kann ohne das spezielle technische Kenntnisse erforderlich sind.\u00a0Die Herausforderung ist das ausschlie\u00dflich einfachen\u00a0Handwerkzeugen gearbeitet wird, was eine spezielle Konzeption der Konstruktion erfordert, sowie die Gegebenheiten Vorort, schr\u00e4ge Hanglage, starker Wind, Schnee, usw. Wir haben ein Metal Verbindungst\u00fccke entworfen, welches Mittels unseres\u00a0Laserschneider im Maker Space zugeschnitten wurde. Die Verbindungselemente werden mit den strukturellen Teilen verbunden und so entsteht die fachwerkartige Struktur der Kugel.\u00a0Der BIO GEO DOME soll die Kultivierung von Pflanzen in h\u00f6heren Hanglage zun\u00e4chst als sch\u00fctzendes Element vor Witterungseinfl\u00fcssen wie Wind, Niederschl\u00e4ge und K\u00e4lte erm\u00f6glichen. Des Weiteren \u00fcbernimmt das Gew\u00e4chshaus idealerweise regulierende\u00a0Funktionen, um zuk\u00fcnftig einen m\u00f6glichst ganzj\u00e4hrigen Pflanzenanbau mit alten Sorten zu gew\u00e4hrleisten.\u00a0Insgesamt haben wir 26 connectoren f\u00fcr den Smart Bio Geo Dome verwendet. Davon je\u00a0<br>10 4 way Dome Connectors,\u00a06 5 way Dome Connectors,\u00a010 6 way Dome Connectors, und somit etliche Schrauben gespart.\u00a0<\/p>\n","protected":false},"excerpt":{"rendered":"<p>Der BIO GEO DOME ist ein von unserm Design B\u00fcro entwickeltes Konzept f\u00fcr ein Gew\u00e4chshaus, welches wir f\u00fcr unsere Zwecke der Suche nach einem Austellungort f\u00fcr die KLIMA TOOLBOX Presentation in unserem B\u00fcro aufgebaut haben. Somit haben wir eine r\u00e4umliche Trennung von Design B\u00fcro und Makerspace under derKLIMA TOOLBOX Ausstellung geschaffen. Die Exponate sind durch&hellip; <a class=\"more-link\" href=\"https:\/\/klimatoolbox.dolab.at\/?page_id=83\"><span class=\"screen-reader-text\">THE BIO GEO DOME<\/span> weiterlesen<\/a><\/p>\n","protected":false},"author":2,"featured_media":0,"parent":0,"menu_order":0,"comment_status":"closed","ping_status":"closed","template":"","meta":[],"_links":{"self":[{"href":"https:\/\/klimatoolbox.dolab.at\/index.php?rest_route=\/wp\/v2\/pages\/83"}],"collection":[{"href":"https:\/\/klimatoolbox.dolab.at\/index.php?rest_route=\/wp\/v2\/pages"}],"about":[{"href":"https:\/\/klimatoolbox.dolab.at\/index.php?rest_route=\/wp\/v2\/types\/page"}],"author":[{"embeddable":true,"href":"https:\/\/klimatoolbox.dolab.at\/index.php?rest_route=\/wp\/v2\/users\/2"}],"replies":[{"embeddable":true,"href":"https:\/\/klimatoolbox.dolab.at\/index.php?rest_route=%2Fwp%2Fv2%2Fcomments&post=83"}],"version-history":[{"count":2,"href":"https:\/\/klimatoolbox.dolab.at\/index.php?rest_route=\/wp\/v2\/pages\/83\/revisions"}],"predecessor-version":[{"id":137,"href":"https:\/\/klimatoolbox.dolab.at\/index.php?rest_route=\/wp\/v2\/pages\/83\/revisions\/137"}],"wp:attachment":[{"href":"https:\/\/klimatoolbox.dolab.at\/index.php?rest_route=%2Fwp%2Fv2%2Fmedia&parent=83"}],"curies":[{"name":"wp","href":"https:\/\/api.w.org\/{rel}","templated":true}]}}